691376?
True
Is 21068832 a multiple of 12?
True
Does 7 divide 349615910?
True
Is 10 a factor of 343951760?
True
Is 4385119926 a multiple of 22?
True
Is 1506024224 a multiple of 436?
True
Is 152596752 a multiple of 1211?
False
Is 5231922 a multiple of 149?
False
Is 64 a factor of 30260096?
True
Is 25416336 a multiple of 66?
True
Is 752101925 a multiple of 1034?
False
Is 8 a factor of 5229344?
True
Does 824 divide 275250608?
True
Is 240 a factor of 474376051?
False
Does 135 divide 48045420?
True
Is 832626910 a multiple of 339?
False
Does 4 divide 1467838945?
False
Is 187414720 a multiple of 20?
True
Does 164 divide 418205880?
False
Is 18197 a multiple of 4?
False
Is 97505073 a multiple of 21?
False
Is 95 a factor of 372908786?
False
Is 4591 a factor of 2484938433?
True
Is 97517714 a multiple of 203?
False
Does 132 divide 43667844?
True
Is 60 a factor of 3819380?
False
Does 14 divide 1125133342?
False
Is 8123341939 a multiple of 17?
False
Is 28 a factor of 228974004?
True
Is 157543704 a multiple of 6?
True
Does 34 divide 8576262?
True
Is 14023463 a multiple of 11?
False
Is 14 a factor of 410042402?
True
Is 426046170 a multiple of 2706?
True
Does 28 divide 322382704?
True
Is 698230 a multiple of 26?
True
Does 52 divide 552752418?
False
Does 2 divide 19608644?
True
Is 606279229 a multiple of 35?
False
Does 541 divide 6022342?
False
Does 90 divide 249643710?
True
Is 31251569 a multiple of 2594?
False
Is 164192711 a multiple of 381?
False
Is 231143524 a multiple of 30?
False
Is 11 a factor of 1666571134?
False
Is 14 a factor of 576535764?
True
Does 189 divide 309630848?
False
Does 59 divide 81174973?
True
Is 6407767 a multiple of 16?
False
Is 834 a factor of 142000176?
True
Is 53 a factor of 70006216?
True
Is 1961030016 a multiple of 66?
True
Is 1995 a factor of 753655140?
True
Does 34 divide 192131153?
False
Is 13331486 a multiple of 1414?
False
Does 13 divide 25098814?
True
Is 5 a factor of 21272561?
False
Is 739201722 a multiple of 13?
False
Is 4330 a factor of 52787030?
True
Does 67 divide 376515363?
False
Is 84 a factor of 1476435492?
True
Is 106525104 a multiple of 12?
True
Is 209594913 a multiple of 293?
True
Is 189 a factor of 47097099?
True
Is 9071000 a multiple of 25?
True
Is 250 a factor of 1359709620?
False
Is 391703868 a multiple of 34?
True
Is 5 a factor of 118056680?
True
Is 1359 a factor of 1649426789?
False
Is 222 a factor of 64557115?
False
Is 904868420 a multiple of 4?
True
Does 1479 divide 2259465936?
False
Is 671139460 a multiple of 310?
True
Is 624 a factor of 702681933?
False
Is 58 a factor of 227748078?
True
Is 4 a factor of 11533336?
True
Is 29 a factor of 136414753?
True
Is 412 a factor of 4297572?
True
Does 865 divide 360468855?
True
Does 4067 divide 191664034?
False
Is 1915494268 a multiple of 943?
False
Does 790 divide 83985591?
False
Does 7 divide 2968560?
True
Does 2308 divide 1533601762?
False
Is 834 a factor of 346769694?
True
Does 86 divide 681605111?
False
Is 338 a factor of 19584615?
False
Is 1024467054 a multiple of 26?
True
Is 5072655 a multiple of 8?
False
Is 7 a factor of 111445481?
True
Is 11 a factor of 15786449?
False
Is 70 a factor of 1194948580?
True
Does 284 divide 3353472?
True
Does 163 divide 33112472?
True
Is 182802747 a multiple of 12?
False
Is 566187364 a multiple of 20?
False
Is 699127424 a multiple of 584?
True
Does 2328 divide 565017240?
True
Does 4037 divide 178673583?
True
Is 20794173 a multiple of 262?
False
Does 46 divide 58877728?
False
Is 1388323218 a multiple of 177?
True
Is 22 a factor of 815267291?
False
Is 239285479 a multiple of 25?
False
Is 2190 a factor of 129135359?
False
Is 50 a factor of 14665050?
True
Is 5080028093 a multiple of 14?
False
Does 34 divide 190348796?
True
Is 103348947 a multiple of 4670?
False
Is 88421049 a multiple of 9?
True
Does 88 divide 68528792?
False
Is 137 a factor of 8064580?
False
Is 4179 a factor of 350304675?
True
Is 63397884 a multiple of 98?
False
Is 31 a factor of 28931029?
True
Is 1770 a factor of 13857340?
False
Is 238485720 a multiple of 1285?
True
Is 50812521 a multiple of 4?
False
Is 54952170 a multiple of 3089?
False
Is 4483 a factor of 965741631?
False
Is 155219808 a multiple of 24?
True
Does 18 divide 244107208?
False
Does 877 divide 20359555?
True
Is 20385385 a multiple of 79?
False
Is 10875670 a multiple of 1345?
True
Is 965893563 a multiple of 43?
True
Does 10 divide 1165232550?
True
Does 475 divide 69868225?
True
Does 202 divide 8961147?
False
Is 36554710 a multiple of 1466?
True
Does 8 divide 221624488?
True
Does 283 divide 1274747?
False
Does 741 divide 1574569355?
False
Is 25 a factor of 67916366?
False
Is 653410427 a multiple of 50?
False
Is 11 a factor of 346987124?
True
Is 7330320 a multiple of 80?
True
Is 152020206 a multiple of 17?
False
Does 2279 divide 103473437?
True
Is 1086 a factor of 2915454966?
True
Is 603 a factor of 2128432617?
True
Is 164 a factor of 5897223?
False
Is 968690903 a multiple of 1303?
False
Does 123 divide 178777427?
False
Does 71 divide 39973852?
True
Is 157 a factor of 3204684?
True
Does 5 divide 2502323?
False
Is 42565426 a multiple of 69?
False
Is 1772 a factor of 2343051808?
True
Does 14 divide 12771898?
False
Is 38 a factor of 1223181376?
False
Is 36 a factor of 14736527?
False
Is 86 a factor of 79104327?
False
Is 349 a factor of 43215359?
False
Is 115 a factor of 236027430?
False
Is 365371663 a multiple of 935?
False
Does 107 divide 375411105?
True
Is 64291526 a multiple of 1045?
False
Is 187093836 a multiple of 11?
False
Is 15851198 a multiple of 57?
False
Is 25805784 a multiple of 89?
False
Does 66 divide 28588494?
True
Does 53 divide 46459266?
False
Is 933 a factor of 331768269?
True
Does 1153 divide 37454624?
False
Does 468 divide 878171580?
True
Does 2200 divide 4464286130?
False
Is 100 a factor of 746796782?
False
Does 15 divide 16118460?
True
Is 20 a factor of 865140713?
False
Does 47 divide 1275717314?
False
Does 97 divide 114823556?
True
Is 1346371740 a multiple of 4130?
True
Is 53 a factor of 72748542?
True
Does 37 divide 30243681?
False
Is 10 a factor of 341710?
True
Does 140 divide 46223660?
True
Is 258 a factor of 1705152702?
True
Is 96672868 a multiple of 1302?
False
Is 70 a factor of 32115300?
True
Is 2224 a factor of 173852964?
False
Does 47 divide 10189553?
True
Does 4485 divide 634672350?
True
Does 487 divide 308146648?
False
Is 42480847 a multiple of 418?
False
Is 160 a factor of 140522883?
False
Is 1979803020 a multiple of 18?
False
Does 15 divide 460944915?
True
Does 17 divide 5595628406?
False
Does 4513 divide 1784575590?
True
Is 494 a factor of 97384196?
True
Does 41 divide 215265088?
True
Does 416 divide 101401664?
True
Is 40 a factor of 32735839?
False
Is 70 a factor of 197437826?
False
Is 2114 a factor of 137701732?
True
Is 537986143 a multiple of 225?
False
Does 48 divide 30862795?
False
Is 53987670 a multiple of 6?
True
Does 294 divide 1488228?
True
Is 870 a factor of 84159879?
False
Does 71 divide 19113271?
True
Is 14 a factor of 81825830?
False
Does 21 divide 380085804?
True
Is 22494952 a multiple of 1363?
True
Is 603306470 a multiple of 122?
True
Is 7049169564 a multiple of 1909?
False
Is 65122426 a multiple of 2?
True
Is 11037442 a multiple of 494?
True
Does 13 divide 1128452?
True
Is 5599112280 a multiple of 456?
True
Is 29 a factor of 261742287?
False
Is 6 a factor of 14279301?
False
Is 519096809 a multiple of 1131?
False
Is 17 a factor of 14149852?
False
Is 610 a factor of 328577885?
False
Does 1976 divide 533057433?
False
Is 1184252601 a multiple of 1869?
True
Is 12 a factor of 622724766?
False
Is 9 a factor of 514827?
True
Is 743712417 a multiple of 139?
False
Is 599438 a multiple of 292?
False
Is 86 a factor of 22096842?
False
Is 406259425 a multiple of 143?
True
Is 18 a factor of 235239318?
True
Is 104 a factor of 36599806?
False
Is 1857 a factor of 81787133?
False
Is 261652146 a multiple of 262?
False
Is 371 a factor of 154141596?
True
Is 17 a factor of 2162580377?
False
Is 1905849805 a multiple of 8165?
True
Is 2 a factor of 11224440?
True
Is 237206062 a multiple of 5?
False
Does 82 divide 32524972?
True
Is 835369688 a multiple of 2371?
True
Is 122 a factor of 23752607?
False
Is 89438588 a multiple of 690?
False
Is 23273562 a multiple of 26?
True
Is 923 a fa